iple of 35?
False
Is 23143 a multiple of 17?
False
Is 13 a factor of 34847?
False
Is 124 a multiple of 3?
False
Does 15 divide 9911?
False
Is 52 a factor of 1439?
False
Is 30 a factor of 960?
True
Is 2925 a multiple of 13?
True
Is 37 a multiple of 2?
False
Does 99 divide 1690?
False
Is 48 a factor of 6864?
True
Does 24 divide 783?
False
Does 5 divide 290?
True
Is 6 a factor of 438?
True
Is 14 a factor of 10469?
False
Is 37 a factor of 87764?
True
Is 27081 a multiple of 27?
True
Is 4464 a multiple of 62?
True
Is 37 a factor of 10191?
False
Is 6 a factor of 344?
False
Is 22 a factor of 186?
False
Is 7 a factor of 15992?
False
Does 172 divide 27864?
True
Is 2556 a multiple of 12?
True
Is 2028 a multiple of 70?
False
Is 42 a factor of 129?
False
Does 34 divide 1766?
False
Does 14 divide 686?
True
Does 31 divide 435?
False
Is 949 a multiple of 13?
True
Is 170 a multiple of 14?
False
Is 2112 a multiple of 96?
True
Is 830 a multiple of 10?
True
Does 146 divide 2757?
False
Is 9 a multiple of 9?
True
Is 11 a factor of 19260?
False
Is 46 a factor of 1012?
True
Is 35 a factor of 2450?
True
Does 58 divide 2257?
False
Is 3 a factor of 3569?
False
Is 10596 a multiple of 12?
True
Is 28 a factor of 1988?
True
Does 6 divide 1847?
False
Does 5 divide 345?
True
Is 620 a multiple of 31?
True
Does 13 divide 28574?
True
Does 12 divide 11423?
False
Is 4257 a multiple of 10?
False
Does 23 divide 6969?
True
Is 180 a multiple of 4?
True
Is 101 a factor of 1555?
False
Does 11 divide 1045?
True
Is 49 a factor of 38661?
True
Is 15 a factor of 2083?
False
Does 8 divide 553?
False
Does 173 divide 12110?
True
Is 254 a multiple of 2?
True
Is 5 a factor of 500?
True
Is 12 a factor of 1496?
False
Is 9 a factor of 1205?
False
Does 33 divide 611?
False
Is 18440 a multiple of 20?
True
Is 4530 a multiple of 15?
True
Is 857 a multiple of 16?
False
Is 6 a factor of 76?
False
Is 26 a factor of 2080?
True
Does 12 divide 19212?
True
Is 10 a factor of 1310?
True
Is 17 a factor of 5702?
False
Is 25 a factor of 575?
True
Does 21 divide 1533?
True
Is 17950 a multiple of 198?
False
Is 28 a factor of 14896?
True
Does 7 divide 8624?
True
Does 87 divide 12702?
True
Is 95 a factor of 20995?
True
Is 25249 a multiple of 21?
False
Does 12 divide 979?
False
Does 63 divide 1278?
False
Is 13 a factor of 2066?
False
Does 54 divide 1868?
False
Does 48 divide 1104?
True
Is 458 a multiple of 13?
False
Is 1239 a multiple of 59?
True
Is 85 a factor of 680?
True
Does 11 divide 990?
True
Is 66 a multiple of 6?
True
Does 52 divide 572?
True
Does 15 divide 6381?
False
Is 13 a factor of 26039?
True
Is 13402 a multiple of 13?
False
Is 71 a factor of 1562?
True
Is 207 a multiple of 8?
False
Is 1396 a multiple of 26?
False
Does 4 divide 1428?
True
Does 12 divide 984?
True
Is 18561 a multiple of 21?
False
Is 4236 a multiple of 3?
True
Does 134 divide 2099?
False
Is 10839 a multiple of 75?
False
Is 3564 a multiple of 132?
True
Is 18 a factor of 67320?
True
Does 25 divide 572?
False
Does 4 divide 2748?
True
Is 455 a factor of 97361?
False
Is 25 a factor of 3775?
True
Is 182 a multiple of 26?
True
Is 21 a factor of 289?
False
Is 2464 a multiple of 88?
True
Is 25028 a multiple of 24?
False
Does 11 divide 187?
True
Is 36353 a multiple of 37?
False
Is 38 a factor of 2356?
True
Does 44 divide 484?
True
Is 9 a factor of 24341?
False
Is 167 a factor of 47762?
True
Is 4207 a multiple of 11?
False
Is 6047 a multiple of 69?
False
Is 10 a factor of 17599?
False
Does 52 divide 7020?
True
Is 35462 a multiple of 197?
False
Is 11 a factor of 8943?
True
Is 216 a multiple of 36?
True
Does 22 divide 1342?
True
Does 2 divide 537?
False
Does 26 divide 18973?
False
Does 32 divide 1110?
False
Is 4762 a multiple of 23?
False
Is 12 a factor of 8580?
True
Is 21185 a multiple of 57?
False
Does 4 divide 1025?
False
Is 4733 a multiple of 8?
False
Is 6 a factor of 14730?
True
Is 276 a multiple of 46?
True
Is 1089 a multiple of 27?
False
Is 8299 a multiple of 43?
True
Is 12 a factor of 26352?
True
Does 112 divide 1792?
True
Does 67 divide 352?
False
Is 64410 a multiple of 226?
True
Does 11 divide 11?
True
Is 16 a factor of 880?
True
Is 1448 a multiple of 8?
True
Is 462 a multiple of 14?
True
Does 15 divide 2580?
True
Does 7 divide 13035?
False
Does 120 divide 2184?
False
Is 124 a factor of 2783?
False
Does 19 divide 141?
False
Is 5 a factor of 3429?
False
Is 14878 a multiple of 86?
True
Does 21 divide 3843?
True
Is 4540 a multiple of 16?
False
Does 114 divide 1657?
False
Is 58392 a multiple of 18?
True
Is 868 a multiple of 14?
True
Is 12 a factor of 8324?
False
Is 125 a factor of 6375?
True
Is 20 a factor of 1044?
False
Does 27 divide 486?
True
Does 29 divide 67329?
False
Is 13020 a multiple of 210?
True
Does 11 divide 286?
True
Does 31 divide 1124?
False
Is 25 a factor of 27575?
True
Is 28396 a multiple of 4?
True
Does 15 divide 293?
False
Does 94 divide 2267?
False
Is 4 a factor of 1394?
False
Is 35 a factor of 2940?
True
Is 62 a factor of 20849?
False
Is 41149 a multiple of 8?
False
Does 62 divide 66464?
True
Is 44 a factor of 2332?
True
Is 400 a multiple of 3?
False
Is 1845 a multiple of 123?
True
Is 3332 a multiple of 17?
True
Is 2176 a multiple of 16?
True
Is 11 a factor of 140?
False
Is 375 a factor of 99635?
False
Does 63 divide 126?
True
Does 17 divide 32555?
True
Does 28 divide 12544?
True
Is 7 a factor of 932?
False
Is 191 a multiple of 9?
False
Is 13 a factor of 1330?
False
Is 97 a factor of 18882?
False
Is 5135 a multiple of 72?
False
Is 19 a factor of 1174?
False
Does 21 divide 7056?
True
Does 8 divide 305?
False
Is 11 a factor of 44396?
True
Is 65 a factor of 845?
True
Is 2394 a multiple of 9?
True
Is 2366 a multiple of 15?
False
Is 85 a factor of 3315?
True
Is 180 a multiple of 5?
True
Is 5670 a multiple of 6?
True
Is 17 a factor of 4097?
True
Is 928 a multiple of 8?
True
Is 100 a factor of 1776?
False
Is 8891 a multiple of 32?
False
Is 4664 a multiple of 4?
True
Is 84 a multiple of 5?
False
Is 25 a factor of 13409?
False
Is 816 a multiple of 8?
True
Is 16 a factor of 57248?
True
Is 17570 a multiple of 12?
False
Is 270 a multiple of 40?
False
Is 8515 a multiple of 65?
True
Is 13 a factor of 403?
True
Is 1830 a multiple of 30?
True
Is 145 a factor of 47169?
False
Is 13 a factor of 2529?
False
Is 8 a factor of 328?
True
Is 22 a factor of 3256?
True
Is 2870 a multiple of 15?
False
Is 37 a factor of 962?
True
Does 11 divide 1870?
True
Does 53 divide 2044?
False
Does 27 divide 2285?
False
Is 17 a factor of 39950?
True
Is 17802 a multiple of 138?
True
Is 610 a multiple of 12?
False
Does 3 divide 162?
True
Is 3363 a multiple of 57?
True
Is 92 a factor of 137?
False
Is 8479 a multiple of 62?
False
Does 6 divide 5028?
True
Is 1058 a multiple of 29?
False
Is 2587 a multiple of 36?
False
Does 201 divide 4564?
False
Is 22 a factor of 110?
True
Does 13 divide 928?
False
Does 3 divide 163?
False
Does 24 divide 480?
True
Is 23 a factor of 1403?
True
Is 40568 a multiple of 15?
False
Is 198 a multiple of 11?
True
Is 6 a factor of 14?
False
Does 24 divide 1272?
True
Is 27 a factor of 54?
True
Does 26 divide 944?
False
Is 630 a multiple of 42?
True
Is 2727 a multiple of 27?
True
Is 32 a factor of 224?
True
Does 23 divide 17011?
False
Is 759 a multiple of 23?
True
Is 318 a multiple of 8?
False
Is 595 a multiple of 35?
True
Is 5 a factor of 1959?
False
Is 10 a factor of 639?
False
Does 15 divide 1811?
False
Does 19 divide 164?
False
Is 12 a factor of 6205?
False
Is 35003 a multiple of 17?
True
Does 165 divide 30360?
True
Is 43 a factor of 344?
True
Is 1836 a multiple of 68?
True
Is 52 a factor of 14455?
False
Is 33 a factor of 897?
False
Is 36 a multiple of 3?
True
Does 32 divide 912?
False
Does 9 divide 2817?
True
Is 170 a multiple of 4?
False
Is 46 a factor of 3003?
False
Is 139 a factor of 24325?
True
Is 51 a multiple of 5?
False
Does 16 divide 5330?
False
Is 5104 a multiple of 44?
True
Is 10 a factor of 10820?
True
Is 8 a factor of 6917?
False
Is 8760 a multiple of 15?
True
Is 17 a factor of 24805?
False
Is 4078 a multiple of 35?
False
Does 16 divide 13559?
False
Does 2 divide 160?
True
Is 6304 a multiple of 209?
False
Does 8 divide 840?
True
Is 4658 a multiple of 19?
False
Is 2701 a multiple of 37?
True
Is 37102 a multiple of 13?
True
Does 10